.
145
What is the highest common divisor of 1726716 and 4366?
74
Calculate the greatest common factor of 13041 and 36826542.
621
What is the greatest common divisor of 117588 and 8733?
123
What is the greatest common divisor of 1103503 and 57404?
127
Calculate the highest common factor of 1941796 and 702123.
827
What is the greatest common factor of 5615088 and 6528?
48
Calculate the highest common divisor of 2086471 and 6815.
47
Calculate the greatest common factor of 1082686 and 2233.
319
What is the highest common factor of 392654 and 1900?
38
What is the highest common factor of 1958500882 and 109?
109
Calculate the highest common divisor of 204435 and 1826640.
2655
What is the highest common divisor of 20144628 and 420?
84
What is the highest common factor of 54497316 and 19788?
1164
What is the highest common divisor of 927095325 and 975?
975
What is the greatest common factor of 2765244 and 280876?
3956
What is the highest common factor of 121 and 197897403?
11
Calculate the highest common factor of 330 and 5757780.
30
Calculate the highest common divisor of 415 and 665826.
83
Calculate the greatest common divisor of 654226848 and 8.
8
Calculate the greatest common factor of 6590 and 20069845.
3295
What is the greatest common factor of 23247 and 25641?
63
Calculate the greatest common factor of 30174585 and 6.
3
Calculate the greatest common factor of 128015 and 265.
5
What is the highest common factor of 558360 and 5358?
282
Calculate the greatest common divisor of 606621 and 916.
229
What is the greatest common divisor of 24057554 and 395?
79
Calculate the highest common factor of 23735832 and 1302.
186
What is the highest common factor of 1724266 and 60777?
2251
Calculate the highest common factor of 4032 and 115164.
252
What is the highest common divisor of 24216708 and 796?
796
What is the highest common divisor of 93536703 and 27404?
6851
Calculate the highest common factor of 13367013 and 297.
33
What is the greatest common divisor of 8596500 and 1985500?
5500
What is the highest common divisor of 13818 and 750?
6
What is the highest common divisor of 27416 and 6315961?
3427
Calculate the greatest common divisor of 1259 and 64814579.
1259
What is the highest common factor of 303330324 and 297?
33
Calculate the highest common divisor of 86 and 2613354670.
86
What is the highest common divisor of 176370 and 5520?
30
Calculate the greatest common factor of 8928 and 15348999.
93
What is the greatest common divisor of 13064976 and 26928?
2448
What is the greatest common divisor of 939 and 552212128?
313
Calculate the greatest common divisor of 6047808 and 192.
192
Calculate the highest common factor of 208 and 16688464.
208
What is the highest common divisor of 45971662 and 22?
22
What is the highest common divisor of 692572 and 1473827?
4223
What is the greatest common divisor of 20001279 and 3512?
439
What is the highest common factor of 652701792 and 178?
178
Calculate the highest common factor of 2586870 and 1485.
1485
Calculate the greatest common divisor of 14953918 and 8759.
461
What is the highest common divisor of 484624 and 1808?
16
Calculate the greatest common divisor of 63186 and 2808.
6
What is the highest common factor of 134014099 and 21365?
4273
Calculate the highest common divisor of 1363958167 and 506.
253
What is the highest common factor of 139825 and 570700?
25
Calculate the highest common factor of 42478691 and 44705.
8941
Calculate the highest common factor of 38758032 and 72.
72
Calculate the highest common divisor of 987428 and 91052.
884
Calculate the highest common divisor of 804 and 246144.
12
What is the greatest common factor of 34573198 and 133?
19
Calculate the greatest common divisor of 4827 and 17858291.
1609
Calculate the greatest common divisor of 400 and 63836250.
50
What is the greatest common divisor of 469 and 2127895?
7
What is the greatest common divisor of 47329 and 19027?
53
What is the greatest common factor of 260231777 and 213980?
10699
What is the highest common factor of 1961 and 653702?
53
Calculate the highest common factor of 127960 and 1670.
10
Calculate the highest common factor of 40240 and 355890.
10
Calculate the greatest common divisor of 390 and 227475.
15
What is the greatest common divisor of 55237253 and 127?
127
Calculate the highest common divisor of 6890961 and 6831.
759
What is the greatest common divisor of 5 and 11945080?
5
Calculate the greatest common divisor of 625 and 2620144375.
625
What is the greatest common factor of 205 and 593393?
41
What is the highest common factor of 95604 and 1204?
4
Calculate the greatest common divisor of 1343835 and 7845.
15
What is the greatest common divisor of 6078360 and 1080?
120
What is the highest common factor of 263355750 and 4500?
2250
Calculate the greatest common factor of 36 and 1552081563.
9
What is the greatest common factor of 3219 and 10749314?
1073
Calculate the greatest common factor of 120823210 and 1790.
1790
Calculate the greatest common divisor of 1884140 and 80.
20
Calculate the greatest common factor of 2170584 and 655504.
6184
Calculate the highest common factor of 726300 and 524800.
100
What is the highest common divisor of 113369 and 48983?
73
Calculate the greatest common factor of 60 and 568654476.
12
Calculate the highest common factor of 800 and 10444550.
50
What is the highest common divisor of 36 and 10032489?
9
What is the highest common factor of 48603 and 205071?
51
Calculate the highest common divisor of 2325639 and 8304.
519
What is the highest common factor of 538223875 and 75?
25
Calculate the highest common factor of 238 and 354110.
34
Calculate the highest common factor of 253280214 and 198.
198
Calculate the highest common factor of 44514336 and 25856.
3232
Calculate the highest common divisor of 2 and 199162086.
2
Calculate the greatest common factor of 426191 and 71501.
563
Calculate the greatest common factor of 6400 and 1321800.
200
Calculate the highest common factor of 1695489 and 90.
3
What is the greatest common divisor of 13330226 and 182?
182
Calculate the greatest common divisor of 126 and 6313888.
14
Calculate the highest common factor of 146 and 183444255.
73
What is the highest common divisor of 13701732 and 1518?
66
What is the greatest common factor of 2976018 and 1051914?
5286
Calculate the greatest common divisor of 4414036 and 192984.
1892
What is the highest common factor of 1027 and 137345?
13
What is the highest common factor of 935 and 3762270?
85
Calculate the greatest common divisor of 17620887 and 183.
183
Calculate the highest common divisor of 35190974 and 112.
14
What is the greatest common divisor of 46908 and 2460072?
12
What is the greatest common factor of 1037779782 and 9932?
4966
What is the highest common divisor of 236433357 and 81?
27
What is the highest common factor of 3428 and 753541246?
1714
What is the greatest common divisor of 654258 and 1472?
46
What is the highest common factor of 39884 and 402026?
118
What is the highest common divisor of 124311 and 648?
3
Calculate the highest common divisor of 1521074962 and 46552.
11638
Calculate the greatest common divisor of 1292 and 20068636.
1292
What is the greatest common divisor of 412965 and 65619?
207
What is the greatest common factor of 39031312 and 64?
16
What is the greatest common divisor of 16166 and 127912?
118
Calculate the greatest common divisor of 1859829 and 6222.
183
Calculate the highest common factor of 13 and 198757.
13
What is the highest common factor of 5575352 and 9864?
1096
Calculate the greatest common factor of 11530579 and 172.
43
Calculate the highest common factor of 336 and 1798881.
21
What is the greatest common factor of 9872742 and 53086?
418
Calculate the greatest common divisor of 297 and 933102.
9
What is the greatest common divisor of 379081584 and 1494?
1494
What is the highest common divisor of 4347028 and 18?
2
Calculate the highest common factor of 8097472 and 644.
92
What is the greatest common divisor of 908952 and 363?
363
What is the greatest common divisor of 61575 and 54129351?
2463
Calculate the highest common factor of 3987 and 70356817.
443
What is the greatest common divisor of 15844076 and 7122?
2374
Calculate the greatest common divisor of 1048